{"id":129,"date":"2025-03-10T15:28:47","date_gmt":"2025-03-10T18:28:47","guid":{"rendered":"https:\/\/laboratorios.ufpr.br\/tecnosferalab\/?page_id=129"},"modified":"2025-05-12T12:25:16","modified_gmt":"2025-05-12T15:25:16","slug":"integrantes","status":"publish","type":"page","link":"https:\/\/laboratorios.ufpr.br\/tecnosferalab\/sobre\/integrantes\/","title":{"rendered":"Quem somos"},"content":{"rendered":"\n<h1 class=\"wp-block-heading\">Coordenadora<\/h1>\n\n\n\n<h2 class=\"wp-block-heading\">Carolina Israel<\/h2>\n\n\n\n<div class=\"wp-block-group\"><div class=\"wp-block-group__inner-container is-layout-constrained wp-block-group-is-layout-constrained\">\n<p>Professora do Departamento de Geografia e da P\u00f3s-gradua\u00e7\u00e3o em Geografia da UFPR. Integra o N\u00facleo de Coordena\u00e7\u00e3o da <a href=\"https:\/\/redegovernanca.net.br\/\">Rede de Pesquisa em Governan\u00e7a da Internet<\/a>, o Conselho Consultivo da <a href=\"https:\/\/lavits.org\/\">Rede latino-americana de estudos sobre vigil\u00e2ncia, tecnologia e sociedade<\/a> (Lavits) e o <a href=\"https:\/\/observacuritiba.ufpr.br\">N\u00facleo Curitiba do Observat\u00f3rio das Metr\u00f3poles<\/a>. Possui pesquisas voltadas para as tecnogeografias digitais, com \u00eanfase em seus impactos na diferencia\u00e7\u00e3o socioespacial e na constitui\u00e7\u00e3o de assimetrias de poder. <\/p>\n\n\n\n<div class=\"wp-block-group\"><div class=\"wp-block-group__inner-container is-layout-constrained wp-block-group-is-layout-constrained\">\n<p>Curr\u00edculo Lattes: <a href=\"http:\/\/lattes.cnpq.br\/6475608295644477\"> http:\/\/lattes.cnpq.br\/6475608295644477<\/a> <\/p>\n<\/div><\/div>\n<\/div><\/div>\n\n\n\n<h1 class=\"wp-block-heading\">Pesquisadoras\/es<\/h1>\n\n\n\n<h2 class=\"wp-block-heading\">Carla Alessandra Marques<\/h2>\n\n\n\n<p>Mestranda do Programa de P\u00f3s Gradua\u00e7\u00e3o em Geografia (PPGGEO) da Universidade Federal do Paran\u00e1. Graduada em Geografia (bacharelado e licenciatura) pela mesma institui\u00e7\u00e3o. Possui experi\u00eancia acad\u00eamica nos campos da Geografia Urbana, com pesquisa realizada junto ao Projeto de Ocupa\u00e7\u00e3o Urbana da UFPR, e em educa\u00e7\u00e3o, com o Projeto de Resid\u00eancia Pedag\u00f3gica. No ambito profissional, atuou no Departamento de An\u00e1lise e Estat\u00edstica da Secret\u00e1ria de Seguran\u00e7a P\u00fablica do Paran\u00e1 e na&nbsp; Secret\u00e1ria de Urbanismo de S\u00e3o Jos\u00e9 dos Pinhais, al\u00e9m de ter experi\u00eancia como docente de ensino b\u00e1sico. Realizou Interc\u00e2mbio na Universidade do Minho, em Portugal. Desenvolveu pesquisas sobre g\u00eanero, ensino virtual e audiovisual como recurso did\u00e1tico no ensino de geografia e rela\u00e7\u00f5es sociais e culturais a partir do desenvolvimento tecnol\u00f3gico nos trabalhos de conclus\u00e3o de curso. Atualmente pesquisa sobre acessibilidade aos servi\u00e7os p\u00fablicos digitais em Curitiba.<\/p>\n\n\n\n<p>Curr\u00edculo Lattes: <a href=\"http:\/\/lattes.cnpq.br\/5693477517317362\"> http:\/\/lattes.cnpq.br\/5693477517317362<\/a>&nbsp;<\/p>\n\n\n\n<h2 class=\"wp-block-heading\">Davi dos Santos Villela Junior<\/h2>\n\n\n\n<p>Licenciado e mestrando em Geografia pela Universidade Federal do Paran\u00e1. Integrante do tecnosfera.lab desde 2023. Trabalhou por cerca de 2,5 anos com supervis\u00e3o ocupacional em assentamentos de reforma agr\u00e1ria no estado do Paran\u00e1 e trabalha objetivamente com suporte em TI e desenvolvimento python fullstack. Pesquisa quest\u00e3o agr\u00e1ria desde 2019, tendo sido tema de dois projetos de inicia\u00e7\u00e3o cient\u00edfica, trabalho de conclus\u00e3o de curso e atualmente de mestrado, se inserindo mais recentemente na tem\u00e1tica das geografias digitais.<\/p>\n\n\n\n<p>Curr\u00edculo Lattes: <a href=\"http:\/\/lattes.cnpq.br\/8568963810332240\">http:\/\/lattes.cnpq.br\/8568963810332240<\/a><\/p>\n\n\n\n<h2 class=\"wp-block-heading\">Leonardo de Araujo<\/h2>\n\n\n\n<p>Mestrando do Programa de P\u00f3s-Gradua\u00e7\u00e3o em Geografia (PPGGEO) da Universidade Federal do Paran\u00e1. Graduado em Licenciatura e Bacharelado em Geografia pela mesma institui\u00e7\u00e3o. Possui experi\u00eancia profissional em ensino internacional (IB), metodologias ativas e educa\u00e7\u00e3o ambiental. Atua como professor de ensino m\u00e9dio no Col\u00e9gio Su\u00ed\u00e7o-Brasileiro de Curitiba. No \u00e2mbito acad\u00eamico, investiga as interfaces entre jogos digitais e geografia, realizando pesquisas sobre espa\u00e7os virtuais, percep\u00e7\u00e3o e tecnologia, epistemologia ambiental, cultura digital e demais assuntos tangentes \u00e0s geografias digitais.<\/p>\n\n\n\n<p>Curr\u00edculo Lattes: <a rel=\"noreferrer noopener\" target=\"_blank\" href=\"http:\/\/lattes.cnpq.br\/2206123354559515\">http:\/\/lattes.cnpq.br\/2206123354559515<\/a><\/p>\n\n\n\n<h2 class=\"wp-block-heading\">Marcos H. Laverde<\/h2>\n\n\n\n<p>Graduando em Geografia pela Universidade Federal do Paran\u00e1 e integrante do Tecnosfera Lab desde 2024, atualmente pesquisa o processo de plataformiza\u00e7\u00e3o do ensino publico no estado do Paran\u00e1 pelo programa de inicia\u00e7\u00e3o cientifica.<\/p>\n\n\n\n<p>Curr\u00edculo Lattes: <a href=\"http:\/\/lattes.cnpq.br\/2585608786041073\">http:\/\/lattes.cnpq.br\/2585608786041073<\/a><\/p>\n\n\n\n<h2 class=\"wp-block-heading\">Marcos Souza de Oliveira<\/h2>\n\n\n\n<p>Graduando em Geografia pela Universidade Federal do Paran\u00e1. Membro regular do Tecnosfera Lab desde 2023. Bolsista pelo Programa Institucional de Bolsas em Inicia\u00e7\u00e3o Cient\u00edfica (PIBIC) pesquisando novas tecnologias urbanas nas cidades inteligentes, atualmente com \u00eanfase na digitaliza\u00e7\u00e3o do transporte coletivo em Curitiba. Presidente da Gest\u00e3o 2024\/2025 do Centro Acad\u00eamico de Geografia da UFPR. Artista digital.<\/p>\n\n\n\n<p>Curr\u00edculo Lattes: <a href=\"https:\/\/lattes.cnpq.br\/5800563972877560\">https:\/\/lattes.cnpq.br\/5800563972877560<\/a><\/p>\n\n\n\n<h2 class=\"wp-block-heading\">Pietra Milani Bizerril<\/h2>\n\n\n\n<p>Graduada em Bacharelado e Licenciatura em Geografia pela Universidade Federal do Paran\u00e1 e mestranda no Programa de P\u00f3s-Gradua\u00e7\u00e3o em Geografia (PPGGEO) na mesma institui\u00e7\u00e3o. Desenvolve pesquisa&nbsp;com \u00eanfase em ativismos contempor\u00e2neos em territ\u00f3rios digitais,&nbsp;novos sujeitos e identidades, cotidiano e cidades digitalmente mediadas.&nbsp;Seu foco de interesse se expande para arte e educa\u00e7\u00e3o, tendo participado de projetos de ensino, pesquisa e extens\u00e3o nessas linhas.&nbsp;<\/p>\n\n\n\n<p>Curr\u00edculo Lattes: <a href=\"http:\/\/lattes.cnpq.br\/7624443536260075\"> http:\/\/lattes.cnpq.br\/7624443536260075<\/a><\/p>\n\n\n\n<h2 class=\"wp-block-heading\">Rubia Marafigo Sehnem<\/h2>\n\n\n\n<p>Graduanda em bacharelado em Geografia desde 2022 na Universidade Federal do Paran\u00e1. Membro&nbsp; Tecnosfera Lab, sendo bolsista do Programa Institucional de Bolsas de Inicia\u00e7\u00e3o em Desenvolvimento Tecnol\u00f3gico e Inova\u00e7\u00e3o (PIBITI) onde realiza estudos focados em Reconhecimento Facial e Vieses Algoritmos. Tamb\u00e9m faz parte do Observat\u00f3rio das Metr\u00f3poles &#8211; N\u00facleo Curitiba, e do Grupo de Pesquisa em Inova\u00e7\u00e3o, Direito e Novas Tecnologias do Minist\u00e9rio P\u00fablico do Paran\u00e1 (MPPR). Estagi\u00e1ria do MPPR, no Centro de Apoio T\u00e9cnico \u00e0 Execu\u00e7\u00e3o &#8211; N\u00facleo de Intelig\u00eancia (CAEx-NI). Possui t\u00e9cnico em Inform\u00e1tica pelo Instituto Federal Catarinense &#8211; Campus S\u00e3o Bento do Sul.<\/p>\n\n\n\n<p>Curr\u00edculo Lattes: <a href=\"http:\/\/lattes.cnpq.br\/0503756219729103\">http:\/\/lattes.cnpq.br\/0503756219729103<\/a><\/p>\n\n\n\n<h2 class=\"wp-block-heading\">Jo\u00e3o Pedro Bueno Ghizelini<\/h2>\n\n\n\n<p>Graduando em bacharelado em Geografia desde 2022 na Universidade Federal do Paran\u00e1 e membro do Tecnosfera Lab desde 2024, participando na realiza\u00e7\u00e3o de Inicia\u00e7\u00e3o Cient\u00edfica com pesquisas voltadas para a \u00e1rea da sa\u00fade digitalizada. Tamb\u00e9m cadastrado no Observat\u00f3rio das Metr\u00f3poles &#8211; N\u00facleo Curitiba.<\/p>\n\n\n\n<p>Curr\u00edculo Lattes: <a href=\"http:\/\/lattes.cnpq.br\/0503756219729103\">http:\/\/lattes.cnpq.br\/8407673197349419<\/a><\/p>\n\n\n\n<h2 class=\"wp-block-heading\">Matheus \u201cMathie\u201d Oliveira Braz<\/h2>\n\n\n\n<p>Bacharel em Geografia pela Universidade Estadual de Mato Grosso do Sul (UEMS), Alumni do programa Youth Brasil &#8211; CGI.BR e Mestrando do Programa de P\u00f3s-gradua\u00e7\u00e3o em Geografia da Universidade Federal do Paran\u00e1 (PPGGEO-UFPR). Outrora pesquisava a Produ\u00e7\u00e3o do Espa\u00e7o Urbano e Mem\u00f3rias Coletivas, hoje se debru\u00e7a a respeito de temas como Software Livre, Globaliza\u00e7\u00e3o, Colonialismo Digital e Governan\u00e7a da Internet. Jardineiro nas horas vagas.<\/p>\n\n\n\n<p>Curr\u00edculo Lattes: <a href=\"http:\/\/lattes.cnpq.br\/9641424557830103\">http:\/\/lattes.cnpq.br\/9641424557830103<\/a><\/p>\n\n\n\n<p><\/p>\n","protected":false},"excerpt":{"rendered":"<p>Coordenadora Carolina Israel Professora do Departamento de Geografia e da P\u00f3s-gradua\u00e7\u00e3o em Geografia da UFPR. Integra o N\u00facleo de Coordena\u00e7\u00e3o da Rede de Pesquisa em Governan\u00e7a da Internet, o Conselho Consultivo da Rede latino-americana de estudos sobre vigil\u00e2ncia, tecnologia e sociedade (Lavits) e o N\u00facleo Curitiba do Observat\u00f3rio das Metr\u00f3poles. Possui pesquisas voltadas para as [&hellip;]<\/p>\n","protected":false},"author":25,"featured_media":0,"parent":152,"menu_order":0,"comment_status":"closed","ping_status":"closed","template":"","meta":{"footnotes":""},"class_list":["post-129","page","type-page","status-publish","hentry"],"_links":{"self":[{"href":"https:\/\/laboratorios.ufpr.br\/tecnosferalab\/wp-json\/wp\/v2\/pages\/129","targetHints":{"allow":["GET"]}}],"collection":[{"href":"https:\/\/laboratorios.ufpr.br\/tecnosferalab\/wp-json\/wp\/v2\/pages"}],"about":[{"href":"https:\/\/laboratorios.ufpr.br\/tecnosferalab\/wp-json\/wp\/v2\/types\/page"}],"author":[{"embeddable":true,"href":"https:\/\/laboratorios.ufpr.br\/tecnosferalab\/wp-json\/wp\/v2\/users\/25"}],"replies":[{"embeddable":true,"href":"https:\/\/laboratorios.ufpr.br\/tecnosferalab\/wp-json\/wp\/v2\/comments?post=129"}],"version-history":[{"count":15,"href":"https:\/\/laboratorios.ufpr.br\/tecnosferalab\/wp-json\/wp\/v2\/pages\/129\/revisions"}],"predecessor-version":[{"id":1993,"href":"https:\/\/laboratorios.ufpr.br\/tecnosferalab\/wp-json\/wp\/v2\/pages\/129\/revisions\/1993"}],"up":[{"embeddable":true,"href":"https:\/\/laboratorios.ufpr.br\/tecnosferalab\/wp-json\/wp\/v2\/pages\/152"}],"wp:attachment":[{"href":"https:\/\/laboratorios.ufpr.br\/tecnosferalab\/wp-json\/wp\/v2\/media?parent=129"}],"curies":[{"name":"wp","href":"https:\/\/api.w.org\/{rel}","templated":true}]}}